he thousands digit of f?
4
Let s(q) = 46*q - 129. Let v be s(7). What is the hundreds digit of (-1 - 3 - -9) + v?
1
Suppose 2*g = 2, -3*g = -2*r - 0*g + 1269. Suppose -l = 2, -2*h = -h - 2*l - r. What is the tens digit of h/14 + (-4)/28?
4
What is the thousands digit of 6/10 + 27615620/550 + (-4)/(-22)?
0
Let j(d) = -102*d**2 + 2*d - 1. Let l be j(1). Suppose -26*n = -24*n + 356. Let f = l - n. What is the units digit of f?
7
Suppose 5*r - 8221 = -5*u + 1404, -2*u = -2*r - 3854. Suppose 3*n + 2895 = 3*l, 2*l + 2*n = -0*l + u. What is the tens digit of l?
6
Let z be (648/30)/(-12)*5. Let w(u) = -u**3 + u**2. Let d(r) = 2*r**3 + 6*r**2 - 11*r - 1. Let y(s) = -d(s) - w(s). What is the units digit of y(z)?
4
Suppose -4799 = -u - 4*o, 4*o - 2*o - 8 = 0. What is the thousands digit of u?
4
Suppose -15*n + 20*n - 62523 = -8*c, -5*n = 5*c - 39075. What is the tens digit of c?
1
Let x be (12/(-6))/(4/34). Let r = 11 - x. What is the tens digit of (7/r)/(3/2292)?
9
Suppose -682878 = -67*l - 75*l. What is the tens digit of l?
0
Let p(u) = 19*u - 97. Let z be p(5). What is the hundreds digit of 508 - z - (-7 + 1)?
5
Let i(y) = -y**2 - 7*y - 4. Let k be i(-6). Let t be -4 + -15*(-3)/15. What is the tens digit of (-36 + 37)*(88 + k + t)?
8
Suppose 10706 = 18*o - 2920. Let c = o + -497. What is the tens digit of c?
6
Suppose -11*o = -10*o - 248. Let l = -170 - -73. Let w = l + o. What is the units digit of w?
1
What is the thousands digit of (0 - 1)*(-3401 - -168)?
3
Suppose 67903 = 38*a - 51032 - 449545. What is the ten thousands digit of a?
1
Let g(m) = m**3 + 43*m**2 - 42*m - 670. What is the thousands digit of g(-40)?
5
Suppose 3*d - 27 = -3*q, 5*q - 103 = 4*d - 31. Let p be ((-3)/(q/16))/((-2)/39). Let y = 113 - p. What is the units digit of y?
5
What is the ten thousands digit of -1 - 460782/(-18) - -3?
2
Suppose -91*v + 96*v = o - 16470, -2*v = -5*o + 82511. What is the ten thousands digit of o?
1
Let t(m) = -m**3 + 11*m**2 - m + 20. Let r be t(9). Suppose 1155 = r*o - 168*o. What is the tens digit of o?
3
Let x = 705 + 199. What is the units digit of x?
4
Let t = 135 - 21. Let w = -44 + t. Suppose -w = -5*k - 2*k. What is the tens digit of k?
1
Let o(v) = 8*v + 2. Suppose 0 = 5*b + b - 48. Let z be o(b). Suppose -18*d + z = -16*d. What is the units digit of d?
3
Let k be (-6)/(-9)*(-3)/1. What is the units digit of (11 - (0 + 0))/(-1 - k)?
1
Let i(m) = 1704*m + 90. Let f(v) = 341*v + 18. Let j(k) = 11*f(k) - 2*i(k). What is the units digit of j(2)?
4
Suppose 5*w - m = 90047, -90043 = -5*w - 29*m + 28*m. What is the units digit of w?
9
Suppose -136 = 8*m - 7784. Suppose 262 = 6*j - m. What is the hundreds digit of j?
2
Let w be 2346/(-4)*20/(-3). Suppose -4*o - 4*r = -3900, -2*o - 2*o - 2*r + w = 0. What is the units digit of o?
0
Suppose -4*m = 2*c - c - 17, -4*c + 3*m = 8. Let t = 15757 - 15614. Let b = c + t. What is the hundreds digit of b?
1
Let r = 21185 + -6304. What is the units digit of r?
1
Suppose 6*q + 565020 = 92*q. What is the hundreds digit of q?
5
Suppose 3*a + s + 11 = 0, 15*s = 4*a + 17*s + 18. What is the units digit of a + 27/15 - (-2526)/30?
4
Let a(m) = 95*m**2 - 50*m + 184. What is the hundreds digit of a(4)?
5
Suppose 0 = -56*w + 59*w - 6. What is the hundreds digit of -1*w/6 - (-17904)/144?
1
Let c(q) = 203*q + 885. What is the tens digit of c(52)?
4
Let c(l) = 9947*l - 8639. What is the hundreds digit of c(6)?
0
Let t = -22 + 32. Suppose -2*j = -t, 0*j + 27 = 2*w + 3*j. Suppose 0 = -5*l + w*l - 4. What is the units digit of l?
4
Let c = 70 + -66. Suppose -1 = -c*w - 3*l, 2*w + 17 = 5*w - l. Suppose 3*x - 411 = 2*k, -4*x - w*k = k - 525. What is the hundreds digit of x?
1
Suppose 0 = u - 1, -40*n = -42*n - 2*u - 2354. Let o = 2030 + n. What is the tens digit of o?
5
Let z(p) = -p**2 - 2*p + 8. Let k be z(0). Suppose k*s + 76 + 12 = 0. Let c(l) = 4*l**2 + 24*l + 12. What is the units digit of c(s)?
2
Suppose 4*p = 69 - 17. Suppose 13848 = p*w - 9877. What is the hundreds digit of w?
8
Let i = 1385 + -596. Let h = -341 + i. What is the units digit of h?
8
Let z(x) = -9*x + 41. Let h be z(4). Suppose 5 = -h*o - 10. What is the tens digit of 1 + o + 65 + -1?
6
Suppose 2*v = r - 4*r + 116, -2*r - 2*v = -76. Suppose 42*w - 58 = r*w. Let k = w + -11. What is the tens digit of k?
1
Suppose -4*r = 4*u + 24673 - 74933, 3*r = 2*u + 37670. What is the units digit of r?
0
Let d(y) = 62*y**3 - 7*y**2 + 43*y - 61. What is the thousands digit of d(5)?
7
Let o = -7992 + 58198. What is the thousands digit of o?
0
Suppose -994810 = -28*z - 286578. What is the tens digit of z?
9
Let s(o) = o**2 + 12*o - 30. Let j be s(-15). Let w = j - -43. Let y = w + 26. What is the tens digit of y?
8
Let v = 9523 + -5092. What is the hundreds digit of v?
4
Suppose 0 = -j + 56 - 59, -k + 3*j = -5170. What is the tens digit of k?
6
Let k(l) be the third derivative of l**5/30 - l**4/6 + 2*l**3/3 - 248*l**2 + 2*l. Suppose 10 = 2*f + 2. What is the tens digit of k(f)?
2
Suppose 5*p - 3*s = 10, 4*p + p = 5*s. Let u(c) = 2*c**3 - 8*c**2 + 4*c. Let w be u(p). Let m = w - 8. What is the units digit of m?
2
Suppose -3*t + 26220 = -18*t. Let k = t + 3023. What is the hundreds digit of k?
2
Suppose -7*y = v - 6*y + 6, 0 = v - 2*y - 9. What is the units digit of v - -3 - -125*3?
7
Let f(a) = 3*a**2. Let n be f(1). Suppose -4 - 23 = n*s. What is the units digit of ((-12)/s)/((-12)/(-27))?
3
Let i(y) = -827*y + 4204. What is the tens digit of i(5)?
6
Let l be (14/(-2))/((-2)/58). Suppose -5*h - 5*d - 658 = -28, 358 = -3*h + d. Let m = l + h. What is the tens digit of m?
8
Let u = -225 + -9. Let k = 131 - u. What is the tens digit of k?
6
Let j be 1 + 28 - 1*-2. Suppose -28*w - 553 - 2505 = 722. Let z = j - w. What is the hundreds digit of z?
1
Let k be (-12)/36*5/((-15)/9). What is the units digit of 160/20 + 370 + k?
9
Let g = 5294 + -5198. Suppose 6 = 3*m - 0. Suppose 0 = m*u + 4, -5*o = -3*u - g - 295. What is the tens digit of o?
7
Let h be -2*1/2*1. Let v(w) = 883*w**2 - 6*w - 4. What is the hundreds digit of v(h)?
8
Let a(z) = 2*z**2 + 3*z - 20. Suppose -74*n - 27 = -77*n. What is the hundreds digit of a(n)?
1
Let p(f) = -45*f + 291. Let v = 358 + -363. What is the hundreds digit of p(v)?
5
Let v = -274 - -198. Let q = v - -137. What is the units digit of q?
1
Suppose -8*u - 16 = -4*u, -5*n - 2*u + 1282 = 0. Let t = n - -345. What is the units digit of t?
3
Let r(a) = 2102*a - 2095*a + 14*a**2 - 35 - 26. What is the units digit of r(8)?
1
Suppose 5*t = p - 8479, 2*t + 0*t = -8. What is the units digit of p?
9
Let t(g) = -2*g + 38. Let f = 72 + -61. Let u be t(f). What is the tens digit of ((-60)/u - -4)*676?
6
Let q be 1 + (2 - 1 - -2). Suppose i + q*v = 46, i - 118 = 4*v - 48. Let x = i + 24. What is the tens digit of x?
8
What is the tens digit of (-4)/((-196)/268205) - 6/(-14)?
7
What is the tens digit of 88911/42 - 17/(-238)?
1
Let r = -6755 - -87634. What is the hundreds digit of r?
8
Let p(b) = b**3 + 26*b**2 - 54*b + 41. What is the units digit of p(-24)?
9
Let o = -41538 + 59258. What is the thousands digit of o?
7
Let w(o) = 42*o**3 - 39*o**2 - 4*o - 29. What is the hundreds digit of w(7)?
4
Suppose 4*t - 19246 = -5*c, 6*c - t + 11556 = 9*c. What is the units digit of c?
4
Let j(q) = -5*q - q - 2*q**2 - 2*q + 4*q**2 + 20. Suppose 0 = b - 5*l + 3, -3*l + 5*l + 3 = b. What is the units digit of j(b)?
2
Suppose -2*p = 0, -6*b - 4*p = -3*b. Let t(k) = -k**3 - 6*k**2 - 9*k - 12. Let v be t(-5). Suppose -v*u - 1 + 33 = b. What is the units digit of u?
4
Let k(x) = 248*x - 394*x - 38 + 196*x. What is the hundreds digit of k(10)?
4
Let n(x) be the first derivative of 29*x**3/3 + 9*x**2 - 40*x + 193. What is the thousands digit of n(6)?
1
Let n(y) = 1166*y + 35. Let j be n(7). Suppose 3968 = 15*t - j. What is the hundreds digit of t?
8
Suppose -w + 903 = d, 0 = 19*w - 21*w - 5*d + 1791. Suppose -2*n - 6*b = -3*b - 898, -2*b - w = -2*n. What is the units digit of n?
2
Let u(v) = 293*v - 282. Suppose 0 = -19*t - 33*t + 364. What is the thousands digit of u(t)?
1
Let a = -6389 - -6449. Let m = 1497 - 807. Suppose -5*w - a + m = 0. What is the hundreds digit of w?
1
Suppose 1770 - 14190 = -5*a. Suppose -23*m = -22*m - a. Suppose 9*u + 3*u = m. What is the units digit 